what is 1b4 + 2?
1b6
In base 11, what is -6a4 - -5?
-69a
In base 8, what is -23 - -56?
33
In base 6, what is 102 - 3?
55
In base 9, what is -2 + 146?
144
In base 12, what is 2 + -6a7?
-6a5
In base 8, what is 22 + 75?
117
In base 16, what is -4d - -67?
1a
In base 11, what is 58 + 52?
aa
In base 10, what is 428 + 0?
428
In base 14, what is 0 + 2059?
2059
In base 12, what is 3 + -629?
-626
In base 15, what is -b95 + -2?
-b97
In base 8, what is -6 + -2?
-10
In base 8, what is -46 - 104?
-152
In base 8, what is 211 + 4?
215
In base 15, what is 5 + -16e?
-169
In base 4, what is -20302110 - 1?
-20302111
In base 11, what is 7 - -611?
618
In base 8, what is 3 + -33?
-30
In base 10, what is 4 + -212?
-208
In base 6, what is -4 + 32?
24
In base 11, what is 1 + 440?
441
In base 14, what is 8 + -15?
-b
In base 5, what is 0 - 1233?
-1233
In base 16, what is -1 + -1256?
-1257
In base 2, what is -111 - 110000100?
-110001011
In base 16, what is -3d - 15?
-52
In base 14, what is 5 + 6b?
72
In base 16, what is -33 - 4?
-37
In base 12, what is 5 - -b55?
b5a
In base 13, what is -2709 - -2?
-2707
In base 12, what is -904 - 2?
-906
In base 4, what is -100 + -30?
-130
In base 12, what is 1 - -479?
47a
In base 9, what is 0 - 75?
-75
In base 13, what is b4 - 17?
9a
In base 9, what is -61 - 1?
-62
In base 6, what is 2201 - -3?
2204
In base 7, what is -66 + -5?
-104
In base 8, what is -446 + 2?
-444
In base 4, what is 232312 + 1?
232313
In base 14, what is 5 - a38?
-a33
In base 2, what is -1100101 + -101?
-1101010
In base 14, what is -4 + 16d?
169
In base 9, what is -4 - 7?
-12
In base 12, what is 1042 - -2?
1044
In base 13, what is -12 + 8?
-7
In base 2, what is -101 + -111011?
-1000000
In base 15, what is b + 4?
10
In base 8, what is 7 - 5?
2
In base 2, what is -10 - 101011000000?
-101011000010
In base 3, what is -22201 + -12?
-22220
In base 9, what is 17 + 7?
25
In base 13, what is -a44 - 3?
-a47
In base 13, what is -48 - -6?
-42
In base 9, what is -1 + -11?
-12
In base 11, what is 5 + 103?
108
In base 5, what is 1011 + 23?
1034
In base 4, what is 3 - -12011?
12020
In base 10, what is 530 - 5?
525
In base 14, what is 65c + -3?
659
In base 10, what is -2133 + 2?
-2131
In base 9, what is -65 + 25?
-40
In base 16, what is 5 + 352?
357
In base 11, what is -524 - -8?
-517
In base 13, what is b - 7?
4
In base 3, what is -110 + -12?
-122
In base 5, what is -32 - 13?
-100
In base 13, what is 8 + a3?
ab
In base 5, what is 1203 + 10?
1213
In base 13, what is 7 - -a?
14
In base 6, what is 4 - 12?
-4
In base 3, what is -10 - -2100210?
2100200
In base 4, what is 11 + -2011?
-2000
In base 2, what is 11101 - 111010?
-11101
In base 5, what is -13 - -11?
-2
In base 8, what is -5 + -134?
-141
In base 10, what is -3474 - 1?
-3475
In base 12, what is 772 - -6?
778
In base 15, what is -5 - 43?
-48
In base 10, what is 2730 - 3?
2727
In base 12, what is -3 - 55?
-58
In base 10, what is 13 - 15?
-2
In base 3, what is -1 - -210?
202
In base 12, what is 2 + 103?
105
In base 9, what is -6 + 45?
38
In base 4, what is 1 + 12000?
12001
In base 12, what is 2a + -1?
29
In base 16, what is 1c - 6b?
-4f
In base 9, what is -2867 - -3?
-2864
In base 3, what is 222020 + -10?
222010
In base 2, what is -1011000 + -1000010?
-10011010
In base 2, what is -11100000 + -1?
-11100001
In base 10, what is -5 + 112?
107
In base 13, what is -183 - -48?
-138
In base 10, what is -4 + -267?
-271
In base 12, what is 29 + 2?
2b
In base 12, what is -440a - 2?
-4410
In base 9, what is -17 + -11?
-28
In base 8, what is -1260 + 1?
-1257
In base 13, what is a + -63?
-56
In base 12, what is -1a96 - -2?
-1a94
In base 13, what is 2 - 70?
-6b
In base 5, what is 21 - -3441?
4012
In base 4, what is 30101 + -10?
30031
In base 11, what is -1 - 8a9?
-8aa
In base 10, what is -8 - -669?
661
In base 4, what is -3023 - 1?
-3030
In base 8, what is -51 + -212?
-263
In base 2, what is -110000 + 1000010?
10010
In base 8, what is 5 - -1023?
1030
In base 2, what is 100 - -10100100011?
10100100111
In base 8, what is -21211 - 0?
-21211
In base 9, what is -10 + 1083?
1073
In base 11, what is -1 - -7a?
79
In base 16, what is -4b - -21?
-2a
In base 9, what is -31 - -162?
131
In base 15, what is -3 - 12e?
-132
In base 6, what is -4100 + -3?
-4103
In base 3, what is 2210000 + 10?
2210010
In base 11, what is 3 - 75?
-72
In base 16, what is 13 - 5?
e
In base 16, what is -1 - 1da?
-1db
In base 2, what is 101 + -1001101?
-1001000
In base 14, what is -d - 29?
-38
In base 6, what is -3 + -4?
-11
In base 14, what is -7 + -149?
-152
In base 11, what is -4 + -34?
-38
In base 2, what is -1000 + 111110?
110110
In base 3, what is 11 + 120222?
121010
In base 11, what is 5 + -29?
-24
In base 8, what is -117 + 14?
-103
In base 10, what is 1 - 239?
-238
In base 15, what is -31 + 1?
-30
In base 6, what is 0 + 3301?
3301
In base 10, what is -4 - -27?
23
In base 6, what is 140 - -34?
214
In base 6, what is -24 + 414?
350
In base 11, what is a6 + -a5?
1
In base 14, what is -12 + -45?
-57
In base 2, what is -10010 - -10000?
-10
In base 9, what is 475 - 5?
470
In base 11, what is -99 - -5?
-94
In base 13, what is 1a - 1?
19
In base 3, what is 1 - 10122200?
-10122122
In base 7, what is 161 - 5?
153
In base 9, what is -4054 - 11?
-4065
In base 10, what is 1 - 66?
-65
In base 9, what is -4 + 1562?
1557
In base 2, what is 1101001 - -110000?
10011001
In base 6, what is 41 + 223?
304
In base 15, what is b - 1c?
-11
In base 12, what is -369 - 1?
-36a
In base 15, what is -36 + -4c?
-83
In base 8, what is 1 - 614?
-613
In base 7, what is -1055 + 3?
-1052
In base 12, what is -5 - -456?
451
In base 9, what is -147 - 3?
-151
In base 3, what is -1 + 1221?
1220
In base 6, what is -3 + 2343?
2340
In base 8, what is -154 - 34?
-210
In base 7, what is 42 + -2?
40
In base 4, what is 311000 + -11?
310323
In base 14, what is -b - 0?
-b
In base 15, what is -1ce + -d?
-1dc
In base 11, what is -1 - -2a?
29
In base 14, what is 5 + -77?
-72
In base 16, what is 17 + b?
22
In base 4, what is -2 + -33?
-101
In base 3, what is -1 - -2000?
1222
In base 16, what is -1 + -43?
-44
In base 14, what is 8 + 85?
8d
In base 2, what is -1100110110 + -11?
-1100111001
In base 13, what is 8c7 + 0?
8c7
In base 9, what is -23 + -80?
-113
In base 15, what is -3 + a2e?
a2b
In base 16, what is 238 - -1?
239
In base 7, what is 2024 - -3?
2030
In base 3, what is 210120 - 11?
210102
In base 4, what is 2100213 - -2?
2100221
In base 16, what is -d + a?
-3
In base 11, what is 1079 + -1?
1078
In base 4, what is -113 - -30?
-23
In base 2, what is -10001 - 0?
-10001
In base 14, what is 15 + 5?
1a
In base 5, what is -2 + 333?
331
In base 5, what is 24214 + -4?
24210
In base 8, what is -173 - 31?
-224
In base 14, what is -2 - -6a?
68
In base 13, what is 20 - 6?
17
In base 5, what is -4 + -1123?
-1132
In base 6, what is 50 - -305?
355
In base 6, what is -10 + 23?
13
In base 3, what is -12 + -1201?
-1220
In base 2, what is 1101101 - 0?
1101101
In base 12, what is -3 - -57?
54
In base 2, what is 1110011 - -1110?
10000001
In base 14, what is -5 + -43?
-48
In base 12, what is 2 - -16?
18
In base 10, what is -1 - -8267?
8266
In base 9, what is -263 + 0?
-263
In base 2, what is 110000000001 - 10?
101111111111
In base 6, what is 51 + 20?
111
In base 2, what is 11 - 110100?
-110001
In base 14, what is -b - 103?
-110
In base 13, what is a - -198?
1a5
In base 10, what is -7503 + 4?
-7499
In base 15, what is -4 - 1870?
-1874
In base 14, what is 4 + -16?
-12
In base 16, what is 1c - 1c?
0
In base 15, what is 9 + -10?
-6
In base 12, what is 4 - -33?
37
In base 8, what is 1362 - -1?
1363
In base 11, what is -3 - 101?
-104
In base 2, what is -100 - -101000?
100100
In base 8, what is -1565 - 5?
-1572
In base 15, what is -b + 4?
-7
In base 15, what is 4d1 - 0?
4d1
In base 10, what is -5 + -8?
-13
In base 5, what is -111023 + -2?
-111030
In base 15, what is eb - 0?
eb
In base 12, what is 12b7b - 0?
12b7b
In base 4, what is -230110 - -3?
-230101
In base 15, what is -13 - -138?
125
In base 14, what is 2 - -c3?
c5
In base 11, what is 35 + -a9?
-74
In base 9, what is -1106 - 0?
-1106
In base 16, what is 6 + -21?
-1b
In base 6, what is -4 - -2123?
2115
In base 14, what is -703 - -3?
-700
In base 13, what is 29c - 11?
28b
In base 5, what is -4 - -420